m**2 + 6*m**2. Is u(k) composite?
True
Let x(c) = 1 + 7*c**3 + 1 - 3*c**2 - 2*c - 4*c**3 + 3. Suppose 0 = 4*g + 3*h - 26, h + 0 = -2*g + 12. Is x(g) a composite number?
True
Let s be (25505 - -3)/4 + 4. Suppose 5*k = v - 0*v + s, -4*k + 2*v + 5100 = 0. Is k prime?
True
Let s = -469 - -268. Let z = 295 + s. Is z prime?
False
Suppose 97*h - 70*h = 202743. Is h a composite number?
True
Let o(k) = k - 20. Let a be o(19). Is (0 + (-1640)/4)/(-3 - a) a composite number?
True
Let r = 39161 - 27504. Is r prime?
True
Let x(z) = -11*z + 2. Let h be x(4). Is (113/3)/((-2)/h) prime?
False
Suppose 0 = k - 547 - 2380. Is k a composite number?
False
Suppose 3*s - 4*u - 206 = 0, -2*s - 5*u = 41 - 186. Suppose 3*y + 3*c = -63, -2*c = -0*y - 5*y - s. Is (-8)/(-10)*(-5080)/y a prime number?
False
Let t(r) = -3*r**2 - 19*r + 16. Let w(f) = f**2 + 9*f - 8. Let v(y) = -2*t(y) - 5*w(y). Let d be v(6). Let o(x) = 40*x - 3. Is o(d) a composite number?
True
Suppose 0 = a + 4*b - 31, -a - 3*b = 3*a - 98. Suppose -u + 11 = -a. Suppose -o + u = 4*o + 2*m, 4*o - 5*m - 14 = 0. Is o a prime number?
False
Suppose -2*l + l - 7 = 0. Let x(m) = 2*m + 16. Let u be x(l). Suppose 0 = -u*b - 3*b + 110. Is b a composite number?
True
Suppose -7*p + 3*p = 0, -q - 5*p + 2 = 0. Suppose -q*o + 2 + 2 = 0. Suppose 3*m + o = 2*u - 63, -98 = -3*u + 5*m. Is u a prime number?
True
Let d(j) = 59*j**2 - 6*j - 1. Suppose 0 = 3*r + 10 + 2. Is d(r) a composite number?
False
Suppose 4043 = -2*m + 6*m - 5*j, -5*m + 4*j + 5056 = 0. Let l = m - 2514. Is 2/(3 + l/502) composite?
False
Let q(k) = 2022*k**2 + 3*k - 11. Is q(2) a prime number?
False
Is (-31)/3*(-451 + -2) composite?
True
Let u = 0 - -1. Let k be (0*4/12)/u. Suppose -4*s + 2*m + 2048 = k, -5*s + m + 2549 = 4*m. Is s a prime number?
False
Suppose u - 10*u = -4311. Is u a composite number?
False
Let z be (2/4)/((-1)/(-710)). Is (7 - 8) + 2*z a prime number?
True
Suppose -4*n + 12 = 3*l - 8*n, 3 = -5*l - n. Is 1 - (-292)/4 - l composite?
True
Let x be 6/(-14) + (-496)/(-14). Let w = x + 242. Let k = w + 21. Is k composite?
True
Let w(h) = 422*h - 3. Let b be w(6). Suppose 0 = -z + q + 501, -5*q + b = 5*z - 4*q. Is z a prime number?
False
Is 173174/14 + 3 - (-15)/35 a composite number?
False
Is ((-1)/(-3))/(14/425586) a composite number?
False
Suppose 0 = -8*m + 109693 - 22469. Is m a composite number?
False
Suppose 0 = -t + 4*s - 17, -s + 2*s = -t + 8. Suppose -2447 = -5*m + a, 5*a = -t*m + m + 968. Is m a composite number?
True
Is (-5 - 1094)*2/(-2) composite?
True
Let w be (-133)/(-21) + 0 + (-2)/6. Suppose w*p = 5*p + 4049. Is p composite?
False
Suppose -75261 = -3*q - 4*z, -5*q - 3*z + 50010 = -75436. Is q a composite number?
True
Let i(h) = -582*h - 91. Is i(-9) a composite number?
False
Let y(q) = -4*q - 4. Let b be y(-4). Suppose 0 = 2*u - 7*u + 5*k - 1410, 0 = -3*u + k - 838. Is 2*(-3)/b*u prime?
True
Let y(w) = w**3 - 2*w**2 - 6. Let i be y(3). Suppose -m - 611 = -i*v, -v + 5*m = 82 - 295. Is v a composite number?
True
Let o(q) = -q + 7. Suppose -25 + 0 = 5*a + 3*w, 4*a - 3*w = 7. Let d(m) = 4*m + 1. Let h be d(a). Is o(h) a prime number?
False
Suppose 5*i - 2*f = 24326, 0 = -f - 0 - 3. Let n = i + -2505. Is n a composite number?
True
Suppose 4*g - 12 = -3*o, -6 - 3 = -3*g + o. Suppose -g*h = h - 2348. Is h prime?
True
Let r be (-7)/(-1*(-5)/(-10)). Suppose r*n - 10*n = 2056. Is n a prime number?
False
Let n = 36652 - 25563. Is n composite?
True
Suppose 0 = -4*r + 4*c + 42 - 2, 2*r = -4*c + 20. Suppose r*q = 4305 - 355. Is q prime?
False
Let j(y) = 4*y + 71. Let m be j(-8). Let l be (-82)/((-10)/8 + 1). Suppose -w = -l + m. Is w prime?
False
Suppose -9*h - 4 = 5. Is (28/(-8) + 3)/(h/254) a prime number?
True
Let r(h) = h - 1. Let x be r(5). Suppose -7 = -x*b - 3. Is b/(-2)*-4 - -345 a prime number?
True
Let p(g) = -34*g + 35. Is p(-30) a prime number?
False
Let o(x) = 135*x - 18. Let k be o(11). Suppose -n = -2, 5*z - k = -n + 2380. Suppose f + v - 749 = -2*f, 0 = -3*f + 4*v + z. Is f a composite number?
False
Let y = -13 + 15. Suppose y*l - 8877 = 3817. Is l a composite number?
True
Suppose 5*p + 3334 = -2*a, 3*p - 5*a + 6*a + 2001 = 0. Suppose -2*c + 1 + 1 = 0. Is ((-14)/8)/(c/p) a prime number?
False
Is 50/(-5) + 5 - -636 prime?
True
Let j = -3733 + 8166. Suppose -3*i + j - 596 = 0. Is i a prime number?
True
Suppose 0 = 5*y + 8 + 7. Let s be (-6)/(-9)*(-9)/y. Let l(k) = 10*k**3 - k**2 - 4*k + 3. Is l(s) prime?
True
Let x(h) = -362*h - 10. Let c(n) = 724*n + 21. Let g(y) = -3*c(y) - 5*x(y). Is g(-6) composite?
True
Suppose -2*a + 4*c = c - 1154, 3*a - c - 1745 = 0. Is a a prime number?
False
Let k = -2337 - -1115. Let b = -96 - k. Is b a composite number?
True
Let p(n) = 330*n + 2. Let s(h) = -659*h - 4. Let j(o) = -5*p(o) - 2*s(o). Is j(-2) composite?
True
Let g = -390 - -877. Is -1*1 - ((-14)/(-2) - g) a composite number?
False
Suppose 0 = 4*j - 3*g + 2*g + 19, -5*g + 20 = -5*j. Let z(r) = -205*r + 12. Is z(j) a composite number?
True
Suppose 0*p + p - 6 = 0. Let d(o) = -o**3 + 7*o**2 - 6*o + 4. Let k be d(p). Is (k - 5) + (93 - 1) a prime number?
False
Is -15*14/(-1260) + (-208841)/(-6) a composite number?
False
Suppose -4*z + 4*f = -0*f - 10456, -2*z + 5198 = 4*f. Is z prime?
True
Suppose c + 4*u - 1760 = u, 5*u = -5*c + 8830. Let p = -1216 + c. Is p a composite number?
True
Let w(y) = -1175*y - 16. Let n be w(7). Let g = -5636 - n. Is g a composite number?
True
Suppose 3*o + 20792 - 85931 = 0. Is o a prime number?
True
Let h(c) = c**3 + 17*c**2 + 16*c + 2. Let o be h(-16). Suppose 0 = -o*f + 8, -3*u + 5*f - 20 = -4*u. Let g(l) = -l**3 + 299. Is g(u) a composite number?
True
Let y(m) = 152*m + 7. Let q be y(-15). Let o = q - -4246. Is o a composite number?
False
Suppose -5*y + 3*y = -6. Suppose y*l = -141 + 354. Is l a prime number?
True
Let j be (-1)/(-3) + (-1648)/(-6). Let x be 1/5 + 26908/(-140). Let d = x + j. Is d composite?
False
Is 57/38*(-20602)/(-3) composite?
False
Suppose -5*s - 6865 = 3*t, 0*t - 4*t = -3*s - 4090. Let n = s - -2629. Is n a composite number?
False
Suppose g + 2*g - 2036 = 5*k, -3387 = -5*g + 2*k. Is g a prime number?
True
Suppose 5*c = 13*a - 17*a + 185215, 4*a = 20. Is c a composite number?
False
Let i(g) = 7774*g + 825. Is i(18) composite?
True
Let l = 114 - 82. Suppose -35*c = -l*c - 2103. Is c composite?
False
Let m(w) = -w**2 - 18*w + 12. Let s be (-2)/(2/13 + 0). Is m(s) a prime number?
False
Suppose 18*w - 13*w = 45295. Is w prime?
True
Is 7540/68 + (-52)/(-442) prime?
False
Suppose -c + 2132 = m - 376, 0 = -2*m + 5*c + 4981. Is m a composite number?
False
Let v(l) = l**2 + 3*l - 75. Let x be v(-7). Suppose 2*p + 0*p - 168 = 0. Let j = p + x. Is j prime?
True
Let a be 1304/(-3 - -11) + (-2)/1. Let j = a + -6. Is j a prime number?
False
Let n(f) = -f - 8. Let m(q) = -q**2 + 4*q. Let o be m(4). Let s be n(o). Is ((-6)/9)/(s/852) prime?
True
Suppose 6 = -8*u + 2*u. Let k be u*(-1 - -7) + 1. Is 28/k*20/(-8) prime?
False
Let u(j) = 694*j - 3. Let v = 1 + 0. Is u(v) prime?
True
Let i = 205 - 94. Let l = i - 46. Is l a composite number?
True
Let h = 1312 - 761. Is h a composite number?
True
Let f be (-12)/(2*(-2 - -1)). Let a(m) = m**3 - 4*m**2 - 3*m + 6. Let i be a(f). Let o = 311 - i. Is o prime?
True
Let h(z) = z**3 - 9*z**2 - 33*z + 11. Is h(24) composite?
True
Let w(j) be the third derivative of -j**6/120 + j**5/10 - j**4/12 - 7*j**3/3 - 7*j**2. Is w(-5) a composite number?
False
Let g(o) = 3938*o + 27. Is g(3) prime?
False
Let z be ((-12)/(-8))/(-1)*-2. Suppose -2*x + 127 = 5*s, z*x + 6 + 6 = 0. Let f = s - -84. Is f prime?
False
Let s = 12 + -7. Suppose 25 + 20 = -s*k. Let i(x) = -7*x + 2. Is i(k) a composite number?
True
Suppose 251171 + 26843 = 22*b. Is b prime?
True
Suppose 0 = -4*l - 2*t + 172 + 74, 4*l - 3*t - 261 = 0. Is -9 + l + 0 + 0 - 3 a prime number?
False
Let g(w) be the second derivative of 11*w**3/2 - 19*w**2/2 - 3*w. Let d be g(8). Let h = d - 62. Is h a prime number?
False
Let v(i) = -25*i + 25. Let t(m) = -8*m + 8. Let d(a) = -10*t(a) + 3*v(a). Let g(u) = 1. Let w(o) = d(o) - 3*g(o). Is w(15) prime?
True
Is 942491/121 + (-6)/33 a composite number?
False
Is (-2 - (37236 + -1))*(-3 + 2) composite?
True
Let b(j) = 353*j - 3 - 19 - 6 + 3. Is b(12) a composite number?
False
Let